 - 2159 = x, -1740 = -4*f - 5*x + 9*x. What is the hundreds digit of f?
4
Let g(r) = -r**3 + 2*r**2 + 17*r - 2. What is the units digit of g(5)?
8
Suppose 0 = -2*a + a - 5. Let h be (-3)/(-1) - (15 + a). What is the units digit of 4*(4 + h + 4)?
4
Let w be 2 + 0 + (-113 - -3). Let u be (-1536)/w - (-2)/(-9). What is the units digit of (-2)/2 + (u - 0)?
3
Let c = -36 - -247. What is the units digit of c?
1
What is the hundreds digit of (-2076)/3633 - 2/(-14)*22978?
2
Let l be 9/(-2)*(-14)/21. Suppose -l*g = -121 - 161. What is the units digit of g?
4
Let h = -1162 + 4082. What is the hundreds digit of h?
9
Let x be ((-237)/(-6) + -3)*-2. Let a = 131 + x. What is the tens digit of a?
5
Suppose u - 4*r = 3*u - 12, 0 = 4*u + r - 10. Suppose 3*i - 2 - 3 = -m, 0 = u*i - m. What is the units digit of (1 + i/1)*3?
6
What is the units digit of (9/(-6) - -2)/(8/1424)?
9
Let k be ((-16)/10)/((-6)/15). Suppose -82 = -3*i + p, k*p + 50 = 2*i + p. What is the tens digit of i?
2
What is the tens digit of ((-1*2)/(34/(-10897)))/1?
4
Let x = -11 - -21. Let h(j) = j**3 - 6*j**2 - j - 39. Let o be h(7). Suppose o + x = s. What is the units digit of s?
3
Suppose 0 = 12*k - 13*k + t + 2, 3*k - 5*t = 0. Suppose -14 = 4*p - 8*n + 3*n, p + 10 = -2*n. What is the units digit of (-3)/(p*k/650)?
5
Suppose 63 = z - 4*x, x - 159 = -3*z + 3*x. What is the units digit of z?
1
Suppose -5*k + 44 = 14. Suppose 0*y + 4*y = 0. Suppose -k*j + 234 = -y*j. What is the tens digit of j?
3
Let b = -1468 - -3614. What is the tens digit of b?
4
Let t = 2 - -3574. What is the tens digit of t?
7
What is the units digit of (16 - 7 - -172)*1?
1
Let w = 5 - 2. Let r(c) = -5*c - 21. Let z be r(-16). Suppose -h + 3*f + z = 0, 5*h + w*f - 233 = -10. What is the tens digit of h?
4
Let v(m) = -2*m**2 - 6*m + 3. Let j be v(-3). Let u be 1*(2 + 3 - j). Suppose -2*y - 70 = -b, 6*y - 20 = u*y. What is the units digit of b?
0
Suppose 3530 - 9566 = -12*i. What is the tens digit of i?
0
Let x be (-7)/28 - 2*(-366)/(-16). Let k = x + 63. What is the units digit of k?
7
Suppose -2*t - 1 = -5. Suppose -c - b = -2*b + 1, 3*b = t*c + 7. Suppose 3*y + 2*f + 4 - 23 = 0, -3*y = -c*f + 11. What is the units digit of y?
3
Let c be 6/3 - (2 - 608)/3. Suppose 74*n - 76*n + c = 0. What is the hundreds digit of n?
1
Let a be (-1 - -1)/(12/(36/(-6))). Suppose 10*s - 379 - 281 = a. What is the tens digit of s?
6
Let i(b) = -6*b**3 - 12*b**2 - 17*b - 4. What is the thousands digit of i(-9)?
3
Let m be -3 + (-53)/(-5 - -4). Suppose 5*d - 111 = -3*v, -m - 61 = -3*v + 2*d. Let u = -9 + v. What is the tens digit of u?
2
Let x(m) = -294*m - 6. Let p be x(-1). Suppose 0 = 4*l + 4*s - p, -3*l = -5*l + 3*s + 129. What is the tens digit of l?
6
Suppose -16*q = -17*q + 4. What is the units digit of 128/q + 0 - -2?
4
Let w = 32 + -33. What is the units digit of w/4 - 898/(-8)?
2
Suppose 5*f - 3*f - 5418 = -2*r, -4*f - 20 = 0. What is the tens digit of r?
1
Let b = 12 - 15. Let u be b - 13 - (0 + 2). What is the units digit of (u/(-30))/(2/110)?
3
Let u = -15 + 30. Let h(p) = -p + 8. Let q be h(2). Suppose -u = q*s - 57. What is the units digit of s?
7
Suppose -4*a + 9593 = -3*r, 10*r - 8*r = -3*a + 7216. What is the hundreds digit of a?
4
Let n = 6 - 9. Let u = 20 + n. What is the units digit of u?
7
Suppose -61*r + 58*r + 747 = 0. What is the hundreds digit of r?
2
Let y(g) = g**3 - 32*g**2 + 11*g - 47. Let m be y(32). Suppose 2*l - m = l + 5*q, 5*q + 885 = 3*l. What is the hundreds digit of l?
2
Let o(g) = -4*g - 10. Let n be o(-1). What is the hundreds digit of (3/6*-4)/(n/609)?
2
Let x(p) = 18*p**3 - 10*p**2 + 38*p + 21. What is the hundreds digit of x(6)?
7
Let z(b) = -9*b - 40. Let s(k) = 2*k + 10. Let u(h) = 26*s(h) + 6*z(h). What is the units digit of u(-12)?
4
Let t(y) = 174*y - 1110. What is the hundreds digit of t(17)?
8
Let b = 89 - 92. What is the tens digit of b + 22*(2 - 0)?
4
Let w(y) = -3*y + 143. Let l(f) = f + 1. Let k be l(-1). What is the tens digit of w(k)?
4
Let c be -2 - -9 - (-2 + -1). Let o(g) = g - 6. Let v be o(c). Suppose 0 = 8*h - v*h - 64. What is the tens digit of h?
1
What is the units digit of 10116/216 - 1/(-6)?
7
Let k = 108 + 3. Let a be (0 - (-2)/(-2))*3. What is the units digit of 2 - k/a - 3?
6
Suppose 20636 = 24*u - 6388. What is the thousands digit of u?
1
Let v(y) = y**3 + 16*y**2 - 29*y - 57. What is the tens digit of v(-15)?
0
Let a(n) = n + 6. Let i be a(-4). What is the units digit of i/(4/(640/4))?
0
Let o = 393 + -66. What is the tens digit of o?
2
Let l(z) = z + 18. Let n be l(-13). Let k = n - -1. Suppose 0 = -s - k + 21. What is the tens digit of s?
1
Suppose q - 2*q = 0. Let t(m) = -m**2 + 9*m**3 - 9*m**3 - 5*m - m**3 + 21 + 6*m. What is the units digit of t(q)?
1
Let w be ((-68)/7)/(6/(-21)). Suppose 6*d = 436 - w. What is the units digit of d?
7
Let j be 5/20 + 465/12. Let z = -16 + j. Suppose 378 = 5*k + z. What is the tens digit of k?
7
Suppose 0 = -24*u - 1916 + 10580. What is the tens digit of u?
6
What is the hundreds digit of 979/(-22)*-3*2?
2
Suppose 0 = -5*k - 1 + 36. What is the tens digit of 1179/k + 18/(-42)?
6
Let k(r) = 2*r + 1. Let d(u) = 9*u + 6. Let b(n) = -2*d(n) + 11*k(n). Let t be b(3). Suppose 2*q - 2*p + t = 71, 4*q = 2*p + 118. What is the tens digit of q?
2
Let x = 1066 - 364. What is the units digit of x?
2
Suppose -15*i = -9*i - 570. What is the units digit of i?
5
Suppose -123*a + 101*a + 37950 = 0. What is the hundreds digit of a?
7
Suppose 0 = 3*t + 37 - 31. What is the tens digit of t + (-4)/(-3) + (-418)/(-6)?
6
Let k(i) = 5*i**2 - 13*i - 74. What is the units digit of k(-17)?
2
Let d(j) = 3*j**2 + 73*j + 28. What is the units digit of d(-27)?
4
What is the hundreds digit of 261 - (-4 + 0 - 1)?
2
Suppose -9*v + 6*v = -270. Let j = v + 76. What is the units digit of j?
6
Let j(r) be the first derivative of r**3/3 - 6*r**2 + 3*r - 5. Let m be j(12). Suppose -m*o + 5 = -7. What is the units digit of o?
4
Suppose 0 = 5*l - 0*l. Suppose -3*d - 6 = l, -y + 2*d + 14 = 7*d. What is the tens digit of y?
2
Let i(n) = n**2 - 3*n - 6. Let o be i(-3). Let a be ((-1)/2)/((-2)/o). Suppose 30 = 4*p - p - a*f, -5*f = 2*p + 15. What is the units digit of p?
5
Suppose -g + 1 = 2*s + 3, g = s + 4. Let y = -28 + s. What is the units digit of (y/4)/((-1)/2)?
5
Let v(a) = -28*a**3 - 4*a**2 - 5*a - 5. Let d be v(-2). Let n = d - 149. What is the tens digit of n?
6
What is the units digit of 17/(-68) + (1 - 290/(-8))?
7
Suppose 29*g + 12536 = 57399. What is the hundreds digit of g?
5
Suppose -2*m + b + 4 = 0, 2 = 2*m - m + b. Suppose m*r - 2*o - 92 = 0, 0 = -r - 2*r + 5*o + 142. What is the units digit of r?
4
Let q(x) = x**2 + 3*x - 4. Let z be q(-4). Let b be (z + -1 - -1) + 4. What is the units digit of (323 - 3)/b + 3?
3
Let s = -2094 + 3120. What is the hundreds digit of s?
0
What is the units digit of (-4 + 145)*-22*(-3)/9?
4
Let b be (1 - 0)*(-364)/14. Let y = b - -29. What is the units digit of 87/y + -3 - 2?
4
Let f be 1 - 3 - 40/(-20). Suppose f = 5*l - 4*l. Suppose -5*c - 20 = l, 2*c - 5*c = i - 51. What is the tens digit of i?
6
Suppose 45 = 4*b + 5. Suppose 0 = b*f - 11*f + 3. Suppose -4*v + 5*j + 189 = 0, -2*v - 31 = f*j - 142. What is the units digit of v?
1
Suppose -2 = -2*t + 8. Suppose 0 = -0*h - t*h + 300. What is the tens digit of 2/12 - (-2150)/h?
3
Let z(f) = -8*f + 16. Let d be z(2). Suppose 20 = x - d*x. What is the units digit of x?
0
Suppose -2*c - 2*c = 16. What is the tens digit of c/1 - (-25 - 6)?
2
Let s = -173 - -81. What is the tens digit of (s/(-16))/(2/16)?
4
Suppose -4*a = 5*f + 36, a = f - 3*f - 12. Let n = f - -1. What is the tens digit of (-36)/n + (2 - 3)?
1
Let q = 11 + -11. Suppose -z + 3*n = -12, 9*n - 4*n + 20 = q. What is the units digit of -1 - (3 - (10 - z))?
6
Let f be -3 + 0 - 8/2. Let c(m) = -13*m + 15. What is the hundreds digit of c(f)?
1
Let q be (-1)/2*(-24)/2. Suppose 26 - 2 = 2*m - r, 0 = -m + r + 12. Suppose -s = -m - q. What is the tens digit of s?
1
Let a(v) = -2*v + 1. Let x be a(1). Let w(i) = 29*i**2 + i + 1. What is the units digit of w(x)?
9
Suppose d = 4*s - 2, 0*d = -2*d - 3*s - 4. Let o be 12/(3 - d - 3). Suppose -2*w + 60 = o. What is the tens digit of w?
2
What is the tens digit of (12/18)/(14/17724)